CRAN Package Check Results for Package KnapsackSampling

Last updated on 2019-07-03 01:47:25 CEST.

Flavor Version Tinstall Tcheck Ttotal Status Flags
r-devel-linux-x86_64-debian-clang 0.1.0 1.43 18.00 19.43 OK
r-devel-linux-x86_64-debian-gcc 0.1.0 1.09 14.65 15.74 OK
r-devel-linux-x86_64-fedora-clang 0.1.0 24.05 NOTE
r-devel-linux-x86_64-fedora-gcc 0.1.0 22.88 NOTE
r-devel-windows-ix86+x86_64 0.1.0 5.00 32.00 37.00 OK
r-patched-linux-x86_64 0.1.0 1.51 17.77 19.28 OK
r-patched-solaris-x86 0.1.0 39.50 NOTE
r-release-linux-x86_64 0.1.0 1.49 18.06 19.55 OK
r-release-windows-ix86+x86_64 0.1.0 4.00 52.00 56.00 OK
r-release-osx-x86_64 0.1.0 NOTE
r-oldrel-windows-ix86+x86_64 0.1.0 3.00 46.00 49.00 OK
r-oldrel-osx-x86_64 0.1.0 NOTE

Check Details

Version: 0.1.0
Check: dependencies in R code
Result: NOTE
    Namespace in Imports field not imported from: ‘utils’
     All declared Imports should be used.
Flavors: r-devel-linux-x86_64-fedora-clang, r-devel-linux-x86_64-fedora-gcc, r-patched-solaris-x86, r-release-osx-x86_64, r-oldrel-osx-x86_64