CRAN Package Check Results for Package KraljicMatrix

Last updated on 2019-07-03 01:47:26 CEST.

Flavor Version Tinstall Tcheck Ttotal Status Flags
r-devel-linux-x86_64-debian-clang 0.2.1 3.79 45.75 49.54 OK
r-devel-linux-x86_64-debian-gcc 0.2.1 3.53 36.30 39.83 OK
r-devel-linux-x86_64-fedora-clang 0.2.1 59.34 NOTE
r-devel-linux-x86_64-fedora-gcc 0.2.1 57.76 NOTE
r-devel-windows-ix86+x86_64 0.2.1 10.00 62.00 72.00 OK
r-patched-linux-x86_64 0.2.1 4.65 44.52 49.17 OK
r-patched-solaris-x86 0.2.1 87.30 NOTE
r-release-linux-x86_64 0.2.1 4.46 44.80 49.26 OK
r-release-windows-ix86+x86_64 0.2.1 10.00 61.00 71.00 OK
r-release-osx-x86_64 0.2.1 NOTE
r-oldrel-windows-ix86+x86_64 0.2.1 6.00 64.00 70.00 OK
r-oldrel-osx-x86_64 0.2.1 NOTE

Check Details

Version: 0.2.1
Check: dependencies in R code
Result: NOTE
    Namespaces in Imports field not imported from:
     ‘dplyr’ ‘tibble’
     All declared Imports should be used.
Flavors: r-devel-linux-x86_64-fedora-clang, r-devel-linux-x86_64-fedora-gcc, r-patched-solaris-x86, r-release-osx-x86_64, r-oldrel-osx-x86_64