Last updated on 2019-07-03 01:47:27 CEST.
Flavor | Version | Tinstall | Tcheck | Ttotal | Status | Flags |
---|---|---|---|---|---|---|
r-devel-linux-x86_64-debian-clang | 1.0-2 | 11.10 | 93.90 | 105.00 | OK | |
r-devel-linux-x86_64-debian-gcc | 1.0-2 | 8.46 | 74.85 | 83.31 | OK | |
r-devel-linux-x86_64-fedora-clang | 1.0-2 | 123.62 | NOTE | |||
r-devel-linux-x86_64-fedora-gcc | 1.0-2 | 119.50 | NOTE | |||
r-devel-windows-ix86+x86_64 | 1.0-2 | 23.00 | 122.00 | 145.00 | OK | |
r-patched-linux-x86_64 | 1.0-2 | 11.46 | 92.27 | 103.73 | OK | |
r-patched-solaris-x86 | 1.0-2 | 191.30 | NOTE | |||
r-release-linux-x86_64 | 1.0-2 | 11.06 | 92.26 | 103.32 | OK | |
r-release-windows-ix86+x86_64 | 1.0-2 | 24.00 | 113.00 | 137.00 | OK | |
r-release-osx-x86_64 | 1.0-2 | NOTE | ||||
r-oldrel-windows-ix86+x86_64 | 1.0-2 | 15.00 | 103.00 | 118.00 | OK | |
r-oldrel-osx-x86_64 | 1.0-2 | NOTE |
Version: 1.0-2
Check: data for non-ASCII characters
Result: NOTE
Note: found 55 marked UTF-8 strings
Flavors: r-devel-linux-x86_64-fedora-clang, r-devel-linux-x86_64-fedora-gcc, r-patched-solaris-x86, r-release-osx-x86_64, r-oldrel-osx-x86_64