Last updated on 2019-07-03 01:47:26 CEST.
Flavor | Version | Tinstall | Tcheck | Ttotal | Status | Flags |
---|---|---|---|---|---|---|
r-devel-linux-x86_64-debian-clang | 0.1.0 | 8.34 | 65.83 | 74.17 | OK | |
r-devel-linux-x86_64-debian-gcc | 0.1.0 | 7.69 | 51.55 | 59.24 | OK | |
r-devel-linux-x86_64-fedora-clang | 0.1.0 | 88.36 | NOTE | |||
r-devel-linux-x86_64-fedora-gcc | 0.1.0 | 83.83 | NOTE | |||
r-devel-windows-ix86+x86_64 | 0.1.0 | 18.00 | 80.00 | 98.00 | OK | |
r-patched-linux-x86_64 | 0.1.0 | 8.48 | 62.45 | 70.93 | OK | |
r-patched-solaris-x86 | 0.1.0 | 139.50 | NOTE | |||
r-release-linux-x86_64 | 0.1.0 | 8.15 | 63.64 | 71.79 | OK | |
r-release-windows-ix86+x86_64 | 0.1.0 | 17.00 | 84.00 | 101.00 | OK | |
r-release-osx-x86_64 | 0.1.0 | NOTE | ||||
r-oldrel-windows-ix86+x86_64 | 0.1.0 | 10.00 | 79.00 | 89.00 | OK | |
r-oldrel-osx-x86_64 | 0.1.0 | NOTE |
Version: 0.1.0
Check: dependencies in R code
Result: NOTE
Namespace in Imports field not imported from: ‘reshape2’
All declared Imports should be used.
Flavors: r-devel-linux-x86_64-fedora-clang, r-devel-linux-x86_64-fedora-gcc, r-patched-solaris-x86, r-release-osx-x86_64, r-oldrel-osx-x86_64