Last updated on 2019-07-03 01:47:27 CEST.
Flavor | Version | Tinstall | Tcheck | Ttotal | Status | Flags |
---|---|---|---|---|---|---|
r-devel-linux-x86_64-debian-clang | 2.2.0 | 136.67 | 99.92 | 236.59 | OK | |
r-devel-linux-x86_64-debian-gcc | 2.2.0 | 113.49 | 77.27 | 190.76 | OK | |
r-devel-linux-x86_64-fedora-clang | 2.2.0 | 338.88 | NOTE | |||
r-devel-linux-x86_64-fedora-gcc | 2.2.0 | 302.32 | OK | |||
r-devel-windows-ix86+x86_64 | 2.2.0 | 242.00 | 152.00 | 394.00 | OK | |
r-patched-linux-x86_64 | 2.2.0 | 126.40 | 98.12 | 224.52 | OK | |
r-patched-solaris-x86 | 2.2.0 | 331.70 | OK | |||
r-release-linux-x86_64 | 2.2.0 | 131.11 | 99.15 | 230.26 | OK | |
r-release-windows-ix86+x86_64 | 2.2.0 | 235.00 | 143.00 | 378.00 | OK | |
r-release-osx-x86_64 | 2.2.0 | NOTE | ||||
r-oldrel-windows-ix86+x86_64 | 2.2.0 | 216.00 | 137.00 | 353.00 | OK | |
r-oldrel-osx-x86_64 | 2.2.0 | NOTE |
Version: 2.2.0
Check: installed package size
Result: NOTE
installed size is 15.5Mb
sub-directories of 1Mb or more:
R 1.2Mb
libs 13.8Mb
Flavors: r-devel-linux-x86_64-fedora-clang, r-release-osx-x86_64, r-oldrel-osx-x86_64