CRAN Package Check Results for Package MCMCpack

Last updated on 2019-07-03 01:47:28 CEST.

Flavor Version Tinstall Tcheck Ttotal Status Flags
r-devel-linux-x86_64-debian-clang 1.4-4 448.45 103.66 552.11 OK
r-devel-linux-x86_64-debian-gcc 1.4-4 257.91 82.38 340.29 OK
r-devel-linux-x86_64-fedora-clang 1.4-4 873.72 NOTE
r-devel-linux-x86_64-fedora-gcc 1.4-4 547.18 OK
r-devel-windows-ix86+x86_64 1.4-4 501.00 175.00 676.00 NOTE
r-patched-linux-x86_64 1.4-4 289.04 105.36 394.40 OK
r-patched-solaris-x86 1.4-4 1040.80 NOTE
r-release-linux-x86_64 1.4-4 288.49 105.48 393.97 OK
r-release-windows-ix86+x86_64 1.4-4 497.00 173.00 670.00 NOTE
r-release-osx-x86_64 1.4-4 NOTE
r-oldrel-windows-ix86+x86_64 1.4-4 498.00 152.00 650.00 NOTE
r-oldrel-osx-x86_64 1.4-4 NOTE

Additional issues

LTO

Check Details

Version: 1.4-4
Check: installed package size
Result: NOTE
     installed size is 38.4Mb
     sub-directories of 1Mb or more:
     libs 37.4Mb
Flavors: r-devel-linux-x86_64-fedora-clang, r-devel-windows-ix86+x86_64, r-patched-solaris-x86, r-release-windows-ix86+x86_64, r-release-osx-x86_64, r-oldrel-windows-ix86+x86_64, r-oldrel-osx-x86_64