Last updated on 2019-07-03 01:47:28 CEST.
Flavor | Version | Tinstall | Tcheck | Ttotal | Status | Flags |
---|---|---|---|---|---|---|
r-devel-linux-x86_64-debian-clang | 1.1 | 6.72 | 84.55 | 91.27 | OK | |
r-devel-linux-x86_64-debian-gcc | 1.1 | 6.10 | 65.15 | 71.25 | OK | |
r-devel-linux-x86_64-fedora-clang | 1.1 | 107.76 | NOTE | |||
r-devel-linux-x86_64-fedora-gcc | 1.1 | 101.66 | OK | |||
r-devel-windows-ix86+x86_64 | 1.1 | 12.00 | 132.00 | 144.00 | NOTE | |
r-patched-linux-x86_64 | 1.1 | 7.41 | 81.97 | 89.38 | OK | |
r-patched-solaris-x86 | 1.1 | 119.90 | NOTE | |||
r-release-linux-x86_64 | 1.1 | 7.75 | 82.83 | 90.58 | OK | |
r-release-windows-ix86+x86_64 | 1.1 | 13.00 | 105.00 | 118.00 | NOTE | |
r-release-osx-x86_64 | 1.1 | NOTE | ||||
r-oldrel-windows-ix86+x86_64 | 1.1 | 8.00 | 101.00 | 109.00 | NOTE | |
r-oldrel-osx-x86_64 | 1.1 | NOTE |
Version: 1.1
Check: installed package size
Result: NOTE
installed size is 7.4Mb
sub-directories of 1Mb or more:
doc 6.8Mb
Flavors: r-devel-linux-x86_64-fedora-clang, r-devel-windows-ix86+x86_64, r-patched-solaris-x86, r-release-windows-ix86+x86_64, r-release-osx-x86_64, r-oldrel-windows-ix86+x86_64, r-oldrel-osx-x86_64