Last updated on 2019-07-03 01:47:28 CEST.
Flavor | Version | Tinstall | Tcheck | Ttotal | Status | Flags |
---|---|---|---|---|---|---|
r-devel-linux-x86_64-debian-clang | 1.0.1 | 5.66 | 63.08 | 68.74 | OK | |
r-devel-linux-x86_64-debian-gcc | 1.0.1 | 4.86 | 49.46 | 54.32 | OK | |
r-devel-linux-x86_64-fedora-clang | 1.0.1 | 84.96 | NOTE | |||
r-devel-linux-x86_64-fedora-gcc | 1.0.1 | 81.36 | OK | |||
r-devel-windows-ix86+x86_64 | 1.0.1 | 13.00 | 92.00 | 105.00 | NOTE | |
r-patched-linux-x86_64 | 1.0.1 | 5.03 | 65.05 | 70.08 | OK | |
r-patched-solaris-x86 | 1.0.1 | 110.90 | NOTE | |||
r-release-linux-x86_64 | 1.0.1 | 5.35 | 65.13 | 70.48 | OK | |
r-release-windows-ix86+x86_64 | 1.0.1 | 13.00 | 99.00 | 112.00 | NOTE | |
r-release-osx-x86_64 | 1.0.1 | NOTE | ||||
r-oldrel-windows-ix86+x86_64 | 1.0.1 | 11.00 | 67.00 | 78.00 | NOTE | |
r-oldrel-osx-x86_64 | 1.0.1 | NOTE |
Version: 1.0.1
Check: installed package size
Result: NOTE
installed size is 7.6Mb
sub-directories of 1Mb or more:
doc 1.9Mb
extdata 5.3Mb
Flavors: r-devel-linux-x86_64-fedora-clang, r-devel-windows-ix86+x86_64, r-patched-solaris-x86, r-release-windows-ix86+x86_64, r-release-osx-x86_64, r-oldrel-windows-ix86+x86_64, r-oldrel-osx-x86_64