CRAN Package Check Results for Package MEGENA

Last updated on 2019-07-03 01:47:28 CEST.

Flavor Version Tinstall Tcheck Ttotal Status Flags
r-devel-linux-x86_64-debian-clang 1.3.7 34.04 150.77 184.81 NOTE
r-devel-linux-x86_64-debian-gcc 1.3.7 30.17 118.73 148.90 NOTE
r-devel-linux-x86_64-fedora-clang 1.3.7 229.71 NOTE
r-devel-linux-x86_64-fedora-gcc 1.3.7 216.72 NOTE
r-devel-windows-ix86+x86_64 1.3.7 67.00 257.00 324.00 OK
r-patched-linux-x86_64 1.3.7 33.04 148.42 181.46 OK
r-patched-solaris-x86 1.3.7 468.80 OK
r-release-linux-x86_64 1.3.7 36.09 148.24 184.33 OK
r-release-windows-ix86+x86_64 1.3.7 70.00 248.00 318.00 OK
r-release-osx-x86_64 1.3.7 OK
r-oldrel-windows-ix86+x86_64 1.3.7 58.00 251.00 309.00 OK
r-oldrel-osx-x86_64 1.3.7 OK

Check Details

Version: 1.3.7
Check: for non-standard things in the check directory
Result: NOTE
    Found the following files/directories:
     'Data_Correlation.txt' 'correlation_FDR_table.txt'
Flavors: r-devel-linux-x86_64-debian-clang, r-devel-linux-x86_64-debian-gcc, r-devel-linux-x86_64-fedora-clang, r-devel-linux-x86_64-fedora-gcc