Last updated on 2019-07-03 01:47:29 CEST.
Flavor | Version | Tinstall | Tcheck | Ttotal | Status | Flags |
---|---|---|---|---|---|---|
r-devel-linux-x86_64-debian-clang | 1.0 | 6.98 | 67.93 | 74.91 | NOTE | |
r-devel-linux-x86_64-debian-gcc | 1.0 | 6.72 | 54.15 | 60.87 | NOTE | |
r-devel-linux-x86_64-fedora-clang | 1.0 | 90.50 | NOTE | |||
r-devel-linux-x86_64-fedora-gcc | 1.0 | 87.52 | NOTE | |||
r-devel-windows-ix86+x86_64 | 1.0 | 14.00 | 113.00 | 127.00 | NOTE | |
r-patched-linux-x86_64 | 1.0 | 6.02 | 66.91 | 72.93 | NOTE | |
r-patched-solaris-x86 | 1.0 | 145.00 | NOTE | |||
r-release-linux-x86_64 | 1.0 | 7.23 | 66.52 | 73.75 | NOTE | |
r-release-windows-ix86+x86_64 | 1.0 | 13.00 | 75.00 | 88.00 | NOTE | |
r-release-osx-x86_64 | 1.0 | NOTE | ||||
r-oldrel-windows-ix86+x86_64 | 1.0 | 9.00 | 84.00 | 93.00 | NOTE | |
r-oldrel-osx-x86_64 | 1.0 | NOTE |
Version: 1.0
Check: DESCRIPTION meta-information
Result: NOTE
Malformed Title field: should not end in a period.
Flavors: r-devel-linux-x86_64-debian-clang, r-devel-linux-x86_64-debian-gcc, r-devel-linux-x86_64-fedora-clang, r-devel-linux-x86_64-fedora-gcc, r-devel-windows-ix86+x86_64, r-patched-linux-x86_64, r-patched-solaris-x86, r-release-linux-x86_64, r-release-windows-ix86+x86_64, r-release-osx-x86_64, r-oldrel-windows-ix86+x86_64, r-oldrel-osx-x86_64
Version: 1.0
Check: R code for possible problems
Result: NOTE
GetExampleData: no visible binding for global variable 'MPINetData'
Getenvir: no visible binding for global variable 'MPINetData'
getPSS: no visible global function definition for 'lines'
performpcls: no visible global function definition for 'binomial'
Undefined global functions or variables:
MPINetData binomial lines
Consider adding
importFrom("graphics", "lines")
importFrom("stats", "binomial")
to your NAMESPACE file.
Flavors: r-devel-linux-x86_64-debian-clang, r-devel-linux-x86_64-debian-gcc, r-devel-linux-x86_64-fedora-clang, r-devel-linux-x86_64-fedora-gcc, r-devel-windows-ix86+x86_64, r-patched-linux-x86_64, r-patched-solaris-x86, r-release-linux-x86_64, r-release-windows-ix86+x86_64, r-release-osx-x86_64, r-oldrel-windows-ix86+x86_64, r-oldrel-osx-x86_64