CRAN Package Check Results for Package MetaCycle

Last updated on 2019-07-03 01:47:28 CEST.

Flavor Version Tinstall Tcheck Ttotal Status Flags
r-devel-linux-x86_64-debian-clang 1.2.0 9.32 77.37 86.69 NOTE
r-devel-linux-x86_64-debian-gcc 1.2.0 7.13 62.00 69.13 NOTE
r-devel-linux-x86_64-fedora-clang 1.2.0 98.62 NOTE
r-devel-linux-x86_64-fedora-gcc 1.2.0 92.75 NOTE
r-devel-windows-ix86+x86_64 1.2.0 16.00 115.00 131.00 OK
r-patched-linux-x86_64 1.2.0 10.01 76.98 86.99 OK
r-patched-solaris-x86 1.2.0 153.80 OK
r-release-linux-x86_64 1.2.0 8.70 78.30 87.00 OK
r-release-windows-ix86+x86_64 1.2.0 17.00 89.00 106.00 OK
r-release-osx-x86_64 1.2.0 OK
r-oldrel-windows-ix86+x86_64 1.2.0 12.00 90.00 102.00 OK
r-oldrel-osx-x86_64 1.2.0 OK

Check Details

Version: 1.2.0
Check: for non-standard things in the check directory
Result: NOTE
    Found the following files/directories:
     'cycHumanBloodData.csv' 'cycHumanBloodDesign.csv'
     'cycMouseLiverProtein.txt' 'cycMouseLiverRNA.csv' 'cycSimu4h2d.csv'
     'cycYeastCycle.csv' 'example'
Flavors: r-devel-linux-x86_64-debian-clang, r-devel-linux-x86_64-debian-gcc, r-devel-linux-x86_64-fedora-clang, r-devel-linux-x86_64-fedora-gcc