CRAN Package Check Results for Package NetworkChange

Last updated on 2019-07-03 01:47:30 CEST.

Flavor Version Tinstall Tcheck Ttotal Status Flags
r-devel-linux-x86_64-debian-clang 0.5 19.21 133.83 153.04 OK
r-devel-linux-x86_64-debian-gcc 0.5 15.85 102.86 118.71 OK
r-devel-linux-x86_64-fedora-clang 0.5 179.26 NOTE
r-devel-linux-x86_64-fedora-gcc 0.5 174.02 NOTE
r-devel-windows-ix86+x86_64 0.5 39.00 154.00 193.00 OK
r-patched-linux-x86_64 0.5 19.07 127.63 146.70 OK
r-patched-solaris-x86 0.5 280.60 NOTE
r-release-linux-x86_64 0.5 16.73 128.08 144.81 OK
r-release-windows-ix86+x86_64 0.5 38.00 145.00 183.00 OK
r-release-osx-x86_64 0.5 NOTE
r-oldrel-windows-ix86+x86_64 0.5 25.00 144.00 169.00 OK
r-oldrel-osx-x86_64 0.5 NOTE

Check Details

Version: 0.5
Check: dependencies in R code
Result: NOTE
    Namespace in Imports field not imported from: ‘sna’
     All declared Imports should be used.
Flavors: r-devel-linux-x86_64-fedora-clang, r-devel-linux-x86_64-fedora-gcc, r-patched-solaris-x86, r-release-osx-x86_64, r-oldrel-osx-x86_64