Last updated on 2019-07-03 01:47:31 CEST.
Flavor | Version | Tinstall | Tcheck | Ttotal | Status | Flags |
---|---|---|---|---|---|---|
r-devel-linux-x86_64-debian-clang | 0.1.1 | 3.27 | 47.78 | 51.05 | OK | |
r-devel-linux-x86_64-debian-gcc | 0.1.1 | 2.42 | 37.01 | 39.43 | OK | |
r-devel-linux-x86_64-fedora-clang | 0.1.1 | 59.24 | NOTE | |||
r-devel-linux-x86_64-fedora-gcc | 0.1.1 | 57.30 | NOTE | |||
r-devel-windows-ix86+x86_64 | 0.1.1 | 6.00 | 89.00 | 95.00 | OK | |
r-patched-linux-x86_64 | 0.1.1 | 2.90 | 47.68 | 50.58 | OK | |
r-patched-solaris-x86 | 0.1.1 | 89.90 | NOTE | |||
r-release-linux-x86_64 | 0.1.1 | 3.23 | 47.13 | 50.36 | OK | |
r-release-windows-ix86+x86_64 | 0.1.1 | 6.00 | 106.00 | 112.00 | OK | |
r-release-osx-x86_64 | 0.1.1 | NOTE | ||||
r-oldrel-windows-ix86+x86_64 | 0.1.1 | 4.00 | 59.00 | 63.00 | OK | |
r-oldrel-osx-x86_64 | 0.1.1 | NOTE |
Version: 0.1.1
Check: dependencies in R code
Result: NOTE
Namespace in Imports field not imported from: ‘base’
All declared Imports should be used.
Flavors: r-devel-linux-x86_64-fedora-clang, r-devel-linux-x86_64-fedora-gcc, r-patched-solaris-x86, r-release-osx-x86_64, r-oldrel-osx-x86_64