Last updated on 2019-07-03 01:47:34 CEST.
Flavor | Version | Tinstall | Tcheck | Ttotal | Status | Flags |
---|---|---|---|---|---|---|
r-devel-linux-x86_64-debian-clang | 0.1.1 | 37.57 | 70.78 | 108.35 | OK | |
r-devel-linux-x86_64-debian-gcc | 0.1.1 | 31.20 | 54.22 | 85.42 | OK | |
r-devel-linux-x86_64-fedora-clang | 0.1.1 | 145.62 | OK | |||
r-devel-linux-x86_64-fedora-gcc | 0.1.1 | 136.11 | OK | |||
r-devel-windows-ix86+x86_64 | 0.1.1 | 77.00 | 147.00 | 224.00 | OK | |
r-patched-linux-x86_64 | 0.1.1 | 37.35 | 68.80 | 106.15 | OK | |
r-patched-solaris-x86 | 0.1.1 | 165.40 | OK | |||
r-release-linux-x86_64 | 0.1.1 | 35.99 | 69.94 | 105.93 | OK | |
r-release-windows-ix86+x86_64 | 0.1.1 | 78.00 | 163.00 | 241.00 | OK | |
r-release-osx-x86_64 | 0.1.1 | NOTE | ||||
r-oldrel-windows-ix86+x86_64 | 0.1.1 | 71.00 | 143.00 | 214.00 | OK | |
r-oldrel-osx-x86_64 | 0.1.1 | OK |
Version: 0.1.1
Check: installed package size
Result: NOTE
installed size is 5.2Mb
sub-directories of 1Mb or more:
libs 4.0Mb
Flavor: r-release-osx-x86_64