CRAN Package Check Results for Package PSCBS

Last updated on 2019-07-03 01:47:35 CEST.

Flavor Version Tinstall Tcheck Ttotal Status Flags
r-devel-linux-x86_64-debian-clang 0.65.0 14.89 318.08 332.97 OK
r-devel-linux-x86_64-debian-gcc 0.65.0 13.78 252.32 266.10 OK
r-devel-linux-x86_64-fedora-clang 0.65.0 426.73 OK
r-devel-linux-x86_64-fedora-gcc 0.65.0 425.78 OK
r-devel-windows-ix86+x86_64 0.65.0 24.00 367.00 391.00 OK
r-patched-linux-x86_64 0.65.0 16.48 327.89 344.37 OK
r-patched-solaris-x86 0.65.0 714.70 OK
r-release-linux-x86_64 0.65.0 15.79 323.98 339.77 OK
r-release-windows-ix86+x86_64 0.65.0 27.00 347.00 374.00 OK
r-release-osx-x86_64 0.65.0 ERROR
r-oldrel-windows-ix86+x86_64 0.65.0 21.00 344.00 365.00 OK
r-oldrel-osx-x86_64 0.65.0 OK

Check Details

Version: 0.65.0
Check: package dependencies
Result: ERROR
    Packages required but not available: 'aroma.light', 'DNAcopy'
    
    See section ‘The DESCRIPTION file’ in the ‘Writing R Extensions’
    manual.
Flavor: r-release-osx-x86_64