CRAN Package Check Results for Package PSF

Last updated on 2019-07-03 01:47:35 CEST.

Flavor Version Tinstall Tcheck Ttotal Status Flags
r-devel-linux-x86_64-debian-clang 0.4 2.03 85.58 87.61 NOTE
r-devel-linux-x86_64-debian-gcc 0.4 1.78 137.53 139.31 NOTE
r-devel-linux-x86_64-fedora-clang 0.4 73.47 NOTE
r-devel-linux-x86_64-fedora-gcc 0.4 86.80 NOTE
r-devel-windows-ix86+x86_64 0.4 6.00 81.00 87.00 OK
r-patched-linux-x86_64 0.4 2.07 94.71 96.78 OK
r-patched-solaris-x86 0.4 82.70 NOTE
r-release-linux-x86_64 0.4 2.29 95.92 98.21 OK
r-release-windows-ix86+x86_64 0.4 5.00 59.00 64.00 OK
r-release-osx-x86_64 0.4 NOTE
r-oldrel-windows-ix86+x86_64 0.4 4.00 58.00 62.00 OK
r-oldrel-osx-x86_64 0.4 NOTE

Check Details

Version: 0.4
Check: package vignettes
Result: NOTE
    Package vignette with placeholder title 'Vignette Title':
     'PSF_vignette.Rmd'
Flavors: r-devel-linux-x86_64-debian-clang, r-devel-linux-x86_64-debian-gcc

Version: 0.4
Check: dependencies in R code
Result: NOTE
    Namespaces in Imports field not imported from:
     ‘forecast’ ‘knitr’
     All declared Imports should be used.
Flavors: r-devel-linux-x86_64-fedora-clang, r-devel-linux-x86_64-fedora-gcc, r-patched-solaris-x86, r-release-osx-x86_64, r-oldrel-osx-x86_64