CRAN Package Check Results for Package PWFSLSmoke

Last updated on 2019-07-03 01:47:35 CEST.

Flavor Version Tinstall Tcheck Ttotal Status Flags
r-devel-linux-x86_64-debian-clang 1.2.4 15.33 139.27 154.60 OK
r-devel-linux-x86_64-debian-gcc 1.2.4 13.61 107.12 120.73 OK
r-devel-linux-x86_64-fedora-clang 1.2.4 167.30 OK
r-devel-linux-x86_64-fedora-gcc 1.2.4 161.95 OK
r-devel-windows-ix86+x86_64 1.2.4 33.00 245.00 278.00 OK
r-patched-linux-x86_64 1.2.4 15.44 136.91 152.35 OK
r-patched-solaris-x86 1.2.4 285.20 WARN
r-release-linux-x86_64 1.2.4 16.82 136.27 153.09 OK
r-release-windows-ix86+x86_64 1.2.4 27.00 253.00 280.00 OK
r-release-osx-x86_64 1.2.4 WARN
r-oldrel-windows-ix86+x86_64 1.2.4 23.00 215.00 238.00 OK
r-oldrel-osx-x86_64 1.2.4 WARN

Check Details

Version: 1.2.4
Check: re-building of vignette outputs
Result: WARN
    Error(s) in re-building vignettes:
     ...
    --- re-building ‘Data_Model.Rmd’ using rmarkdown
    Warning in engine$weave(file, quiet = quiet, encoding = enc) :
     Pandoc (>= 1.12.3) and/or pandoc-citeproc not available. Falling back to R Markdown v1.
    --- finished re-building ‘Data_Model.Rmd’
    
    --- re-building ‘Maps_and_Timeseries_Plots.Rmd’ using rmarkdown
    Warning in engine$weave(file, quiet = quiet, encoding = enc) :
     Pandoc (>= 1.12.3) and/or pandoc-citeproc not available. Falling back to R Markdown v1.
    --- finished re-building ‘Maps_and_Timeseries_Plots.Rmd’
    
    --- re-building ‘NowCast.Rmd’ using rmarkdown
    Warning in engine$weave(file, quiet = quiet, encoding = enc) :
     Pandoc (>= 1.12.3) and/or pandoc-citeproc not available. Falling back to R Markdown v1.
    --- finished re-building ‘NowCast.Rmd’
    
    --- re-building ‘PWFSLSmoke.Rmd’ using rmarkdown
    Warning in engine$weave(file, quiet = quiet, encoding = enc) :
     Pandoc (>= 1.12.3) and/or pandoc-citeproc not available. Falling back to R Markdown v1.
    Quitting from lines 163-164 (PWFSLSmoke.Rmd)
    Error: processing vignette 'PWFSLSmoke.Rmd' failed with diagnostics:
    there is no package called 'webshot'
    --- failed re-building ‘PWFSLSmoke.Rmd’
    
    SUMMARY: processing the following file failed:
     ‘PWFSLSmoke.Rmd’
    
    Error: Vignette re-building failed.
    Execution halted
Flavor: r-patched-solaris-x86

Version: 1.2.4
Check: re-building of vignette outputs
Result: WARN
    Error(s) in re-building vignettes:
    --- re-building ‘Data_Model.Rmd’ using rmarkdown
    Warning in engine$weave(file, quiet = quiet, encoding = enc) :
     Pandoc (>= 1.12.3) and/or pandoc-citeproc not available. Falling back to R Markdown v1.
    --- finished re-building ‘Data_Model.Rmd’
    
    --- re-building ‘Maps_and_Timeseries_Plots.Rmd’ using rmarkdown
    Warning in engine$weave(file, quiet = quiet, encoding = enc) :
     Pandoc (>= 1.12.3) and/or pandoc-citeproc not available. Falling back to R Markdown v1.
    --- finished re-building ‘Maps_and_Timeseries_Plots.Rmd’
    
    --- re-building ‘NowCast.Rmd’ using rmarkdown
    Warning in engine$weave(file, quiet = quiet, encoding = enc) :
     Pandoc (>= 1.12.3) and/or pandoc-citeproc not available. Falling back to R Markdown v1.
    --- finished re-building ‘NowCast.Rmd’
    
    --- re-building ‘PWFSLSmoke.Rmd’ using rmarkdown
    Warning in engine$weave(file, quiet = quiet, encoding = enc) :
     Pandoc (>= 1.12.3) and/or pandoc-citeproc not available. Falling back to R Markdown v1.
    Quitting from lines 163-164 (PWFSLSmoke.Rmd)
    Error: processing vignette 'PWFSLSmoke.Rmd' failed with diagnostics:
    cannot open the connection
    --- failed re-building ‘PWFSLSmoke.Rmd’
    
    SUMMARY: processing the following file failed:
     ‘PWFSLSmoke.Rmd’
    
    Error: Vignette re-building failed.
    Execution halted
Flavor: r-release-osx-x86_64

Version: 1.2.4
Check: re-building of vignette outputs
Result: WARN
    Error in re-building vignettes:
     ...
    Warning in engine$weave(file, quiet = quiet, encoding = enc) :
     Pandoc (>= 1.12.3) and/or pandoc-citeproc not available. Falling back to R Markdown v1.
    Warning in engine$weave(file, quiet = quiet, encoding = enc) :
     Pandoc (>= 1.12.3) and/or pandoc-citeproc not available. Falling back to R Markdown v1.
    Warning in engine$weave(file, quiet = quiet, encoding = enc) :
     Pandoc (>= 1.12.3) and/or pandoc-citeproc not available. Falling back to R Markdown v1.
    Warning in engine$weave(file, quiet = quiet, encoding = enc) :
     Pandoc (>= 1.12.3) and/or pandoc-citeproc not available. Falling back to R Markdown v1.
    Quitting from lines 163-164 (PWFSLSmoke.Rmd)
    Error: processing vignette 'PWFSLSmoke.Rmd' failed with diagnostics:
    cannot open the connection
    Execution halted
Flavor: r-oldrel-osx-x86_64