CRAN Package Check Results for Package PakPMICS2014Wm

Last updated on 2019-07-03 01:47:32 CEST.

Flavor Version Tinstall Tcheck Ttotal Status Flags
r-devel-linux-x86_64-debian-clang 0.1.0 5.66 27.67 33.33 OK
r-devel-linux-x86_64-debian-gcc 0.1.0 4.88 22.70 27.58 OK
r-devel-linux-x86_64-fedora-clang 0.1.0 41.87 NOTE
r-devel-linux-x86_64-fedora-gcc 0.1.0 40.36 NOTE
r-devel-windows-ix86+x86_64 0.1.0 9.00 56.00 65.00 OK
r-patched-linux-x86_64 0.1.0 5.51 27.36 32.87 OK
r-patched-solaris-x86 0.1.0 72.10 NOTE
r-release-linux-x86_64 0.1.0 5.48 27.30 32.78 OK
r-release-windows-ix86+x86_64 0.1.0 9.00 55.00 64.00 OK
r-release-osx-x86_64 0.1.0 NOTE
r-oldrel-windows-ix86+x86_64 0.1.0 8.00 38.00 46.00 OK
r-oldrel-osx-x86_64 0.1.0 NOTE

Check Details

Version: 0.1.0
Check: dependencies in R code
Result: NOTE
    Namespace in Imports field not imported from: ‘stats’
     All declared Imports should be used.
Flavors: r-devel-linux-x86_64-fedora-clang, r-devel-linux-x86_64-fedora-gcc, r-patched-solaris-x86, r-release-osx-x86_64, r-oldrel-osx-x86_64