CRAN Package Check Results for Package PhyloMeasures

Last updated on 2019-07-03 01:47:33 CEST.

Flavor Version Tinstall Tcheck Ttotal Status Flags
r-devel-linux-x86_64-debian-clang 2.1 59.19 38.41 97.60 OK
r-devel-linux-x86_64-debian-gcc 2.1 43.72 31.53 75.25 OK
r-devel-linux-x86_64-fedora-clang 2.1 118.53 NOTE
r-devel-linux-x86_64-fedora-gcc 2.1 111.77 NOTE
r-devel-windows-ix86+x86_64 2.1 83.00 116.00 199.00 OK
r-patched-linux-x86_64 2.1 47.54 39.15 86.69 OK
r-patched-solaris-x86 2.1 222.40 OK
r-release-linux-x86_64 2.1 50.80 39.59 90.39 OK
r-release-windows-ix86+x86_64 2.1 86.00 113.00 199.00 OK
r-release-osx-x86_64 2.1 NOTE
r-oldrel-windows-ix86+x86_64 2.1 79.00 81.00 160.00 OK
r-oldrel-osx-x86_64 2.1 NOTE

Additional issues

gcc-UBSAN

Check Details

Version: 2.1
Check: installed package size
Result: NOTE
     installed size is 9.6Mb
     sub-directories of 1Mb or more:
     libs 9.3Mb
Flavors: r-devel-linux-x86_64-fedora-clang, r-release-osx-x86_64, r-oldrel-osx-x86_64

Version: 2.1
Check: compiled code
Result: NOTE
    File ‘PhyloMeasures/libs/PhyloMeasures.so’:
     Found no calls to: ‘R_registerRoutines’, ‘R_useDynamicSymbols’
    
    It is good practice to register native routines and to disable symbol
    search.
    
    See ‘Writing portable packages’ in the ‘Writing R Extensions’ manual.
Flavors: r-devel-linux-x86_64-fedora-clang, r-devel-linux-x86_64-fedora-gcc