Last updated on 2019-07-03 01:47:34 CEST.
Flavor | Version | Tinstall | Tcheck | Ttotal | Status | Flags |
---|---|---|---|---|---|---|
r-devel-linux-x86_64-debian-clang | 1.2.7 | 49.75 | 106.54 | 156.29 | OK | |
r-devel-linux-x86_64-debian-gcc | 1.2.7 | 41.12 | 79.42 | 120.54 | OK | |
r-devel-linux-x86_64-fedora-clang | 1.2.7 | 187.43 | NOTE | |||
r-devel-linux-x86_64-fedora-gcc | 1.2.7 | 169.49 | OK | |||
r-devel-windows-ix86+x86_64 | 1.2.7 | 86.00 | 168.00 | 254.00 | NOTE | |
r-patched-linux-x86_64 | 1.2.7 | 52.02 | 103.92 | 155.94 | OK | |
r-patched-solaris-x86 | 1.2.7 | 308.60 | NOTE | |||
r-release-linux-x86_64 | 1.2.7 | 45.60 | 103.20 | 148.80 | OK | |
r-release-windows-ix86+x86_64 | 1.2.7 | 88.00 | 162.00 | 250.00 | NOTE | |
r-release-osx-x86_64 | 1.2.7 | NOTE | ||||
r-oldrel-windows-ix86+x86_64 | 1.2.7 | 84.00 | 151.00 | 235.00 | NOTE | |
r-oldrel-osx-x86_64 | 1.2.7 | NOTE |
Version: 1.2.7
Check: installed package size
Result: NOTE
installed size is 9.9Mb
sub-directories of 1Mb or more:
extdata 6.4Mb
libs 2.4Mb
Flavors: r-devel-linux-x86_64-fedora-clang, r-devel-windows-ix86+x86_64, r-patched-solaris-x86, r-release-windows-ix86+x86_64, r-release-osx-x86_64, r-oldrel-windows-ix86+x86_64, r-oldrel-osx-x86_64