CRAN Package Check Results for Package QTOCen

Last updated on 2019-07-03 01:47:35 CEST.

Flavor Version Tinstall Tcheck Ttotal Status Flags
r-devel-linux-x86_64-debian-clang 0.1.1 7.11 91.96 99.07 OK
r-devel-linux-x86_64-debian-gcc 0.1.1 6.75 73.01 79.76 OK
r-devel-linux-x86_64-fedora-clang 0.1.1 118.07 NOTE
r-devel-linux-x86_64-fedora-gcc 0.1.1 114.88 NOTE
r-devel-windows-ix86+x86_64 0.1.1 14.00 115.00 129.00 OK
r-patched-linux-x86_64 0.1.1 6.79 91.40 98.19 OK
r-patched-solaris-x86 0.1.1 189.80 NOTE
r-release-linux-x86_64 0.1.1 7.46 90.77 98.23 OK
r-release-windows-ix86+x86_64 0.1.1 15.00 110.00 125.00 OK
r-release-osx-x86_64 0.1.1 NOTE
r-oldrel-windows-ix86+x86_64 0.1.1 9.00 113.00 122.00 OK
r-oldrel-osx-x86_64 0.1.1 NOTE

Check Details

Version: 0.1.1
Check: dependencies in R code
Result: NOTE
    Namespace in Imports field not imported from: ‘MatrixModels’
     All declared Imports should be used.
Flavors: r-devel-linux-x86_64-fedora-clang, r-devel-linux-x86_64-fedora-gcc, r-patched-solaris-x86, r-release-osx-x86_64, r-oldrel-osx-x86_64