Last updated on 2019-07-03 01:47:35 CEST.
Flavor | Version | Tinstall | Tcheck | Ttotal | Status | Flags |
---|---|---|---|---|---|---|
r-devel-linux-x86_64-debian-clang | 0.1.1 | 4.82 | 45.17 | 49.99 | NOTE | |
r-devel-linux-x86_64-debian-gcc | 0.1.1 | 4.38 | 35.28 | 39.66 | NOTE | |
r-devel-linux-x86_64-fedora-clang | 0.1.1 | 59.03 | NOTE | |||
r-devel-linux-x86_64-fedora-gcc | 0.1.1 | 55.95 | NOTE | |||
r-devel-windows-ix86+x86_64 | 0.1.1 | 9.00 | 66.00 | 75.00 | OK | |
r-patched-linux-x86_64 | 0.1.1 | 5.00 | 44.17 | 49.17 | OK | |
r-patched-solaris-x86 | 0.1.1 | 4.20 | ERROR | |||
r-release-linux-x86_64 | 0.1.1 | 4.90 | 44.55 | 49.45 | OK | |
r-release-windows-ix86+x86_64 | 0.1.1 | 14.00 | 66.00 | 80.00 | OK | |
r-release-osx-x86_64 | 0.1.1 | ERROR | ||||
r-oldrel-windows-ix86+x86_64 | 0.1.1 | 6.00 | 67.00 | 73.00 | OK | |
r-oldrel-osx-x86_64 | 0.1.1 | OK |
Version: 0.1.1
Check: for non-standard things in the check directory
Result: NOTE
Found the following files/directories:
'Sambada-error-log-20190630-191148.txt'
Flavor: r-devel-linux-x86_64-debian-clang
Version: 0.1.1
Check: for non-standard things in the check directory
Result: NOTE
Found the following files/directories:
‘Sambada-error-log-20190702-175859.txt’
Flavor: r-devel-linux-x86_64-debian-gcc
Version: 0.1.1
Check: for non-standard things in the check directory
Result: NOTE
Found the following files/directories:
‘Sambada-error-log-20190629-115222.txt’
Flavor: r-devel-linux-x86_64-fedora-clang
Version: 0.1.1
Check: for non-standard things in the check directory
Result: NOTE
Found the following files/directories:
‘Sambada-error-log-20190630-132023.txt’
Flavor: r-devel-linux-x86_64-fedora-gcc
Version: 0.1.1
Check: package dependencies
Result: ERROR
Packages required but not available: 'SNPRelate', 'gdsfmt'
See section ‘The DESCRIPTION file’ in the ‘Writing R Extensions’
manual.
Flavor: r-patched-solaris-x86
Version: 0.1.1
Check: package dependencies
Result: ERROR
Packages required but not available: 'SNPRelate', 'gdsfmt'
Package suggested but not available for checking: ‘biomaRt’
See section ‘The DESCRIPTION file’ in the ‘Writing R Extensions’
manual.
Flavor: r-release-osx-x86_64