Last updated on 2019-07-03 01:47:37 CEST.
Flavor | Version | Tinstall | Tcheck | Ttotal | Status | Flags |
---|---|---|---|---|---|---|
r-devel-linux-x86_64-debian-clang | 0.1.3 | 9.87 | 63.75 | 73.62 | OK | |
r-devel-linux-x86_64-debian-gcc | 0.1.3 | 7.79 | 49.17 | 56.96 | OK | |
r-devel-linux-x86_64-fedora-clang | 0.1.3 | 87.98 | NOTE | |||
r-devel-linux-x86_64-fedora-gcc | 0.1.3 | 85.44 | OK | |||
r-devel-windows-ix86+x86_64 | 0.1.3 | 16.00 | 95.00 | 111.00 | NOTE | |
r-patched-linux-x86_64 | 0.1.3 | 9.15 | 63.54 | 72.69 | OK | |
r-patched-solaris-x86 | 0.1.3 | 16.40 | ERROR | |||
r-release-linux-x86_64 | 0.1.3 | 9.46 | 64.36 | 73.82 | OK | |
r-release-windows-ix86+x86_64 | 0.1.3 | 16.00 | 71.00 | 87.00 | NOTE | |
r-release-osx-x86_64 | 0.1.3 | NOTE | ||||
r-oldrel-windows-ix86+x86_64 | 0.1.3 | 14.00 | 67.00 | 81.00 | NOTE | |
r-oldrel-osx-x86_64 | 0.1.3 | NOTE |
Version: 0.1.3
Check: installed package size
Result: NOTE
installed size is 5.1Mb
sub-directories of 1Mb or more:
java 4.4Mb
Flavors: r-devel-linux-x86_64-fedora-clang, r-devel-windows-ix86+x86_64, r-release-windows-ix86+x86_64, r-release-osx-x86_64, r-oldrel-windows-ix86+x86_64, r-oldrel-osx-x86_64
Version: 0.1.3
Check: whether package can be installed
Result: ERROR
Installation failed.
Flavor: r-patched-solaris-x86