CRAN Package Check Results for Package RMKL

Last updated on 2019-07-03 01:47:38 CEST.

Flavor Version Tinstall Tcheck Ttotal Status Flags
r-devel-linux-x86_64-debian-clang 1.0 44.12 46.67 90.79 OK
r-devel-linux-x86_64-debian-gcc 1.0 32.93 37.34 70.27 OK
r-devel-linux-x86_64-fedora-clang 1.0 125.96 NOTE
r-devel-linux-x86_64-fedora-gcc 1.0 112.37 NOTE
r-devel-windows-ix86+x86_64 1.0 90.00 100.00 190.00 OK
r-patched-linux-x86_64 1.0 39.24 47.09 86.33 OK
r-patched-solaris-x86 1.0 151.10 NOTE
r-release-linux-x86_64 1.0 39.53 47.98 87.51 OK
r-release-windows-ix86+x86_64 1.0 85.00 103.00 188.00 OK
r-release-osx-x86_64 1.0 NOTE
r-oldrel-windows-ix86+x86_64 1.0 85.00 89.00 174.00 OK
r-oldrel-osx-x86_64 1.0 NOTE

Additional issues

valgrind

Check Details

Version: 1.0
Check: dependencies in R code
Result: NOTE
    Namespace in Imports field not imported from: ‘e1071’
     All declared Imports should be used.
Flavors: r-devel-linux-x86_64-fedora-clang, r-devel-linux-x86_64-fedora-gcc, r-patched-solaris-x86, r-release-osx-x86_64, r-oldrel-osx-x86_64