CRAN Package Check Results for Package ROC632

Last updated on 2019-07-03 01:47:38 CEST.

Flavor Version Tinstall Tcheck Ttotal Status Flags
r-devel-linux-x86_64-debian-clang 0.6 6.22 54.70 60.92 NOTE
r-devel-linux-x86_64-debian-gcc 0.6 6.67 44.68 51.35 NOTE
r-devel-linux-x86_64-fedora-clang 0.6 75.33 NOTE
r-devel-linux-x86_64-fedora-gcc 0.6 73.06 NOTE
r-devel-windows-ix86+x86_64 0.6 15.00 89.00 104.00 NOTE
r-patched-linux-x86_64 0.6 8.14 54.58 62.72 NOTE
r-patched-solaris-x86 0.6 119.00 NOTE
r-release-linux-x86_64 0.6 7.79 54.61 62.40 NOTE
r-release-windows-ix86+x86_64 0.6 15.00 88.00 103.00 NOTE
r-release-osx-x86_64 0.6 NOTE
r-oldrel-windows-ix86+x86_64 0.6 9.00 63.00 72.00 NOTE
r-oldrel-osx-x86_64 0.6 NOTE

Check Details

Version: 0.6
Check: DESCRIPTION meta-information
Result: NOTE
    Malformed Title field: should not end in a period.
Flavors: r-devel-linux-x86_64-debian-clang, r-devel-linux-x86_64-debian-gcc, r-devel-linux-x86_64-fedora-clang, r-devel-linux-x86_64-fedora-gcc, r-devel-windows-ix86+x86_64, r-patched-linux-x86_64, r-patched-solaris-x86, r-release-linux-x86_64, r-release-windows-ix86+x86_64, r-release-osx-x86_64, r-oldrel-windows-ix86+x86_64, r-oldrel-osx-x86_64

Version: 0.6
Check: dependencies in R code
Result: NOTE
    Packages in Depends field not imported from:
     'penalized' 'splines' 'survival' 'survivalROC'
     These packages need to be imported from (in the NAMESPACE file)
     for when this namespace is loaded but not attached.
Flavors: r-devel-linux-x86_64-debian-clang, r-devel-linux-x86_64-debian-gcc, r-devel-linux-x86_64-fedora-clang, r-devel-linux-x86_64-fedora-gcc, r-devel-windows-ix86+x86_64, r-patched-linux-x86_64, r-patched-solaris-x86, r-release-linux-x86_64, r-release-windows-ix86+x86_64, r-release-osx-x86_64, r-oldrel-windows-ix86+x86_64, r-oldrel-osx-x86_64

Version: 0.6
Check: R code for possible problems
Result: NOTE
    boot.ROC: no visible global function definition for 'qnorm'
    boot.ROC: no visible global function definition for 'penalized'
    boot.ROC: no visible global function definition for 'coefficients'
    boot.ROC: no visible global function definition for 'sd'
    boot.ROC: no visible global function definition for 'optL1'
    boot.ROCt: no visible global function definition for 'qnorm'
    boot.ROCt: no visible global function definition for 'penalized'
    boot.ROCt: no visible global function definition for 'Surv'
    boot.ROCt: no visible global function definition for 'coefficients'
    boot.ROCt: no visible global function definition for 'sd'
    boot.ROCt: no visible global function definition for 'survivalROC'
    boot.ROCt: no visible global function definition for 'optL1'
    Undefined global functions or variables:
     Surv coefficients optL1 penalized qnorm sd survivalROC
    Consider adding
     importFrom("stats", "coefficients", "qnorm", "sd")
    to your NAMESPACE file.
Flavors: r-devel-linux-x86_64-debian-clang, r-devel-linux-x86_64-debian-gcc, r-devel-linux-x86_64-fedora-clang, r-devel-linux-x86_64-fedora-gcc, r-devel-windows-ix86+x86_64, r-patched-linux-x86_64, r-patched-solaris-x86, r-release-linux-x86_64, r-release-windows-ix86+x86_64, r-release-osx-x86_64, r-oldrel-windows-ix86+x86_64, r-oldrel-osx-x86_64