Last updated on 2019-07-03 01:47:38 CEST.
Flavor | Version | Tinstall | Tcheck | Ttotal | Status | Flags |
---|---|---|---|---|---|---|
r-devel-linux-x86_64-debian-clang | 0.0-3 | 2.16 | 22.09 | 24.25 | NOTE | |
r-devel-linux-x86_64-debian-gcc | 0.0-3 | 1.94 | 17.88 | 19.82 | NOTE | |
r-devel-linux-x86_64-fedora-clang | 0.0-3 | 30.14 | NOTE | |||
r-devel-linux-x86_64-fedora-gcc | 0.0-3 | 28.20 | NOTE | |||
r-devel-windows-ix86+x86_64 | 0.0-3 | 4.00 | 48.00 | 52.00 | NOTE | |
r-patched-linux-x86_64 | 0.0-3 | 2.37 | 21.93 | 24.30 | NOTE | |
r-patched-solaris-x86 | 0.0-3 | 44.50 | NOTE | |||
r-release-linux-x86_64 | 0.0-3 | 2.12 | 22.07 | 24.19 | NOTE | |
r-release-windows-ix86+x86_64 | 0.0-3 | 6.00 | 47.00 | 53.00 | NOTE | |
r-release-osx-x86_64 | 0.0-3 | NOTE | ||||
r-oldrel-windows-ix86+x86_64 | 0.0-3 | 3.00 | 33.00 | 36.00 | NOTE | |
r-oldrel-osx-x86_64 | 0.0-3 | NOTE |
Version: 0.0-3
Check: R code for possible problems
Result: NOTE
ROSE.eval: no visible global function definition for 'methods'
ROSE.eval: no visible binding for global variable 'model.frame'
ROSE.eval: no visible binding for global variable 'predict'
adj.formula: no visible global function definition for 'terms'
adj.formula: no visible global function definition for 'as.formula'
omnibus.balancing: no visible binding for global variable 'model.frame'
ou.sampl: no visible global function definition for 'rbinom'
over.sampl: no visible global function definition for 'rbinom'
plot.roc.inner: no visible global function definition for 'plot'
roc.curve: no visible global function definition for 'lines'
roc.curve: no visible global function definition for 'abline'
rose.real: no visible binding for global variable 'sd'
rose.real: no visible global function definition for 'sd'
rose.real: no visible global function definition for 'rnorm'
rose.sampl: no visible global function definition for 'rbinom'
under.sampl: no visible global function definition for 'rbinom'
Undefined global functions or variables:
abline as.formula lines methods model.frame plot predict rbinom rnorm
sd terms
Consider adding
importFrom("graphics", "abline", "lines", "plot")
importFrom("stats", "as.formula", "model.frame", "predict", "rbinom",
"rnorm", "sd", "terms")
importFrom("utils", "methods")
to your NAMESPACE file.
Flavors: r-devel-linux-x86_64-debian-clang, r-devel-linux-x86_64-debian-gcc, r-devel-linux-x86_64-fedora-clang, r-devel-linux-x86_64-fedora-gcc, r-devel-windows-ix86+x86_64, r-patched-linux-x86_64, r-patched-solaris-x86, r-release-linux-x86_64, r-release-windows-ix86+x86_64, r-release-osx-x86_64, r-oldrel-windows-ix86+x86_64, r-oldrel-osx-x86_64