Last updated on 2019-07-03 01:47:38 CEST.
Flavor | Version | Tinstall | Tcheck | Ttotal | Status | Flags |
---|---|---|---|---|---|---|
r-devel-linux-x86_64-debian-clang | 1.0.1 | 8.00 | 90.97 | 98.97 | OK | |
r-devel-linux-x86_64-debian-gcc | 1.0.1 | 6.75 | 68.47 | 75.22 | OK | |
r-devel-linux-x86_64-fedora-clang | 1.0.1 | 113.11 | NOTE | |||
r-devel-linux-x86_64-fedora-gcc | 1.0.1 | 109.69 | NOTE | |||
r-devel-windows-ix86+x86_64 | 1.0.1 | 14.00 | 138.00 | 152.00 | OK | |
r-patched-linux-x86_64 | 1.0.1 | 7.15 | 88.80 | 95.95 | OK | |
r-patched-solaris-x86 | 1.0.1 | 165.20 | NOTE | |||
r-release-linux-x86_64 | 1.0.1 | 7.15 | 89.51 | 96.66 | OK | |
r-release-windows-ix86+x86_64 | 1.0.1 | 15.00 | 109.00 | 124.00 | OK | |
r-release-osx-x86_64 | 1.0.1 | NOTE | ||||
r-oldrel-windows-ix86+x86_64 | 1.0.1 | 9.00 | 103.00 | 112.00 | OK | |
r-oldrel-osx-x86_64 | 1.0.1 | NOTE |
Version: 1.0.1
Check: dependencies in R code
Result: NOTE
Namespaces in Imports field not imported from:
‘ape’ ‘igraph’
All declared Imports should be used.
Flavors: r-devel-linux-x86_64-fedora-clang, r-devel-linux-x86_64-fedora-gcc, r-patched-solaris-x86, r-release-osx-x86_64, r-oldrel-osx-x86_64