Last updated on 2019-07-03 01:47:35 CEST.
Flavor | Version | Tinstall | Tcheck | Ttotal | Status | Flags |
---|---|---|---|---|---|---|
r-devel-linux-x86_64-debian-clang | 1.1.5 | 13.68 | 87.76 | 101.44 | OK | |
r-devel-linux-x86_64-debian-gcc | 1.1.5 | 11.14 | 67.38 | 78.52 | OK | |
r-devel-linux-x86_64-fedora-clang | 1.1.5 | 128.97 | NOTE | |||
r-devel-linux-x86_64-fedora-gcc | 1.1.5 | 122.09 | OK | |||
r-devel-windows-ix86+x86_64 | 1.1.5 | 25.00 | 153.00 | 178.00 | NOTE | |
r-patched-linux-x86_64 | 1.1.5 | 12.10 | 87.09 | 99.19 | OK | |
r-patched-solaris-x86 | 1.1.5 | 170.40 | NOTE | |||
r-release-linux-x86_64 | 1.1.5 | 13.34 | 88.07 | 101.41 | OK | |
r-release-windows-ix86+x86_64 | 1.1.5 | 21.00 | 116.00 | 137.00 | NOTE | |
r-release-osx-x86_64 | 1.1.5 | WARN | ||||
r-oldrel-windows-ix86+x86_64 | 1.1.5 | 17.00 | 110.00 | 127.00 | NOTE | |
r-oldrel-osx-x86_64 | 1.1.5 | NOTE |
Version: 1.1.5
Check: installed package size
Result: NOTE
installed size is 5.3Mb
sub-directories of 1Mb or more:
data 2.3Mb
extdata 1.4Mb
Flavors: r-devel-linux-x86_64-fedora-clang, r-devel-windows-ix86+x86_64, r-patched-solaris-x86, r-release-windows-ix86+x86_64, r-release-osx-x86_64, r-oldrel-windows-ix86+x86_64, r-oldrel-osx-x86_64
Version: 1.1.5
Check: whether package can be installed
Result: WARN
Found the following significant warnings:
Warning: 'rgl_init' failed, running with rgl.useNULL = TRUE
Flavor: r-release-osx-x86_64