Last updated on 2019-07-03 01:47:35 CEST.
Flavor | Version | Tinstall | Tcheck | Ttotal | Status | Flags |
---|---|---|---|---|---|---|
r-devel-linux-x86_64-debian-clang | 3.3.6 | 97.30 | 209.53 | 306.83 | OK | |
r-devel-linux-x86_64-debian-gcc | 3.3.6 | 78.98 | 160.19 | 239.17 | OK | |
r-devel-linux-x86_64-fedora-clang | 3.3.6 | 382.90 | NOTE | |||
r-devel-linux-x86_64-fedora-gcc | 3.3.6 | 359.57 | OK | |||
r-devel-windows-ix86+x86_64 | 3.3.6 | 209.00 | 353.00 | 562.00 | NOTE | |
r-patched-linux-x86_64 | 3.3.6 | 92.06 | 211.23 | 303.29 | OK | |
r-patched-solaris-x86 | 3.3.6 | 421.60 | OK | |||
r-release-linux-x86_64 | 3.3.6 | 86.20 | 210.92 | 297.12 | OK | |
r-release-windows-ix86+x86_64 | 3.3.6 | 204.00 | 428.00 | 632.00 | NOTE | |
r-release-osx-x86_64 | 3.3.6 | NOTE | ||||
r-oldrel-windows-ix86+x86_64 | 3.3.6 | 205.00 | 314.00 | 519.00 | NOTE | |
r-oldrel-osx-x86_64 | 3.3.6 | NOTE |
Version: 3.3.6
Check: installed package size
Result: NOTE
installed size is 7.8Mb
sub-directories of 1Mb or more:
R 1.5Mb
help 1.2Mb
libs 4.8Mb
Flavors: r-devel-linux-x86_64-fedora-clang, r-devel-windows-ix86+x86_64, r-release-windows-ix86+x86_64, r-release-osx-x86_64, r-oldrel-windows-ix86+x86_64, r-oldrel-osx-x86_64