Last updated on 2019-07-03 01:47:36 CEST.
Flavor | Version | Tinstall | Tcheck | Ttotal | Status | Flags |
---|---|---|---|---|---|---|
r-devel-linux-x86_64-debian-clang | 0.3.10 | 117.56 | 28.20 | 145.76 | NOTE | |
r-devel-linux-x86_64-debian-gcc | 0.3.10 | 103.54 | 23.07 | 126.61 | NOTE | |
r-devel-linux-x86_64-fedora-clang | 0.3.10 | 245.00 | NOTE | |||
r-devel-linux-x86_64-fedora-gcc | 0.3.10 | 216.23 | NOTE | |||
r-devel-windows-ix86+x86_64 | 0.3.10 | 296.00 | 175.00 | 471.00 | NOTE | |
r-patched-linux-x86_64 | 0.3.10 | 118.66 | 28.14 | 146.80 | NOTE | |
r-release-linux-x86_64 | 0.3.10 | 119.41 | 28.44 | 147.85 | NOTE | |
r-release-windows-ix86+x86_64 | 0.3.10 | 323.00 | 142.00 | 465.00 | NOTE | |
r-release-osx-x86_64 | 0.3.10 | NOTE | ||||
r-oldrel-windows-ix86+x86_64 | 0.3.10 | 281.00 | 144.00 | 425.00 | NOTE | |
r-oldrel-osx-x86_64 | 0.3.10 | NOTE |
Version: 0.3.10
Check: whether package can be installed
Result: NOTE
Found the following notes/warnings:
Non-staged installation was used
Flavors: r-devel-linux-x86_64-debian-clang, r-devel-linux-x86_64-debian-gcc, r-devel-linux-x86_64-fedora-clang, r-devel-linux-x86_64-fedora-gcc, r-devel-windows-ix86+x86_64, r-patched-linux-x86_64, r-release-linux-x86_64, r-release-windows-ix86+x86_64, r-release-osx-x86_64
Version: 0.3.10
Check: installed package size
Result: NOTE
installed size is 14.8Mb
sub-directories of 1Mb or more:
blp 7.1Mb
libs 6.7Mb
Flavors: r-devel-linux-x86_64-fedora-clang, r-devel-windows-ix86+x86_64, r-release-windows-ix86+x86_64, r-release-osx-x86_64, r-oldrel-windows-ix86+x86_64, r-oldrel-osx-x86_64