CRAN Package Check Results for Package Rcmdr

Last updated on 2019-07-03 01:47:36 CEST.

Flavor Version Tinstall Tcheck Ttotal Status Flags
r-devel-linux-x86_64-debian-clang 2.5-3 37.72 195.73 233.45 OK
r-devel-linux-x86_64-debian-gcc 2.5-3 30.71 150.64 181.35 OK
r-devel-linux-x86_64-fedora-clang 2.5-3 278.64 NOTE
r-devel-linux-x86_64-fedora-gcc 2.5-3 274.25 OK
r-devel-windows-ix86+x86_64 2.5-3 58.00 195.00 253.00 NOTE
r-patched-linux-x86_64 2.5-3 37.79 195.73 233.52 OK
r-patched-solaris-x86 2.5-3 326.60 NOTE
r-release-linux-x86_64 2.5-3 41.18 193.73 234.91 OK
r-release-windows-ix86+x86_64 2.5-3 51.00 185.00 236.00 NOTE
r-release-osx-x86_64 2.5-3 NOTE
r-oldrel-windows-ix86+x86_64 2.5-3 43.00 178.00 221.00 NOTE
r-oldrel-osx-x86_64 2.5-3 NOTE

Check Details

Version: 2.5-3
Check: installed package size
Result: NOTE
     installed size is 7.0Mb
     sub-directories of 1Mb or more:
     R 1.1Mb
     doc 3.0Mb
     po 2.2Mb
Flavors: r-devel-linux-x86_64-fedora-clang, r-devel-windows-ix86+x86_64, r-patched-solaris-x86, r-release-windows-ix86+x86_64, r-release-osx-x86_64, r-oldrel-windows-ix86+x86_64, r-oldrel-osx-x86_64