CRAN Package Check Results for Package RcmdrPlugin.RiskDemo

Last updated on 2019-07-03 01:47:36 CEST.

Flavor Version Tinstall Tcheck Ttotal Status Flags
r-devel-linux-x86_64-debian-clang 2.0 19.37 138.81 158.18 OK
r-devel-linux-x86_64-debian-gcc 2.0 16.67 109.76 126.43 OK
r-devel-linux-x86_64-fedora-clang 2.0 201.73 OK
r-devel-linux-x86_64-fedora-gcc 2.0 196.88 OK
r-devel-windows-ix86+x86_64 2.0 46.00 320.00 366.00 OK
r-patched-linux-x86_64 2.0 19.35 137.26 156.61 OK
r-patched-solaris-x86 2.0 322.60 NOTE
r-release-linux-x86_64 2.0 19.52 136.31 155.83 OK
r-release-windows-ix86+x86_64 2.0 44.00 166.00 210.00 OK
r-release-osx-x86_64 2.0 WARN
r-oldrel-windows-ix86+x86_64 2.0 35.00 157.00 192.00 OK
r-oldrel-osx-x86_64 2.0 OK

Check Details

Version: 2.0
Check: installed package size
Result: NOTE
     installed size is 5.4Mb
     sub-directories of 1Mb or more:
     data 5.1Mb
Flavor: r-patched-solaris-x86

Version: 2.0
Check: whether package can be installed
Result: WARN
    Found the following significant warnings:
     Warning: 'rgl_init' failed, running with rgl.useNULL = TRUE
Flavor: r-release-osx-x86_64