Last updated on 2019-07-03 01:47:36 CEST.
Flavor | Version | Tinstall | Tcheck | Ttotal | Status | Flags |
---|---|---|---|---|---|---|
r-devel-linux-x86_64-debian-clang | 0.11-0 | 7.05 | 58.81 | 65.86 | NOTE | |
r-devel-linux-x86_64-debian-gcc | 0.11-0 | 4.80 | 47.06 | 51.86 | NOTE | |
r-devel-linux-x86_64-fedora-clang | 0.11-0 | 77.84 | NOTE | |||
r-devel-linux-x86_64-fedora-gcc | 0.11-0 | 74.73 | NOTE | |||
r-devel-windows-ix86+x86_64 | 0.11-0 | 10.00 | 116.00 | 126.00 | OK | |
r-patched-linux-x86_64 | 0.11-0 | 5.46 | 59.36 | 64.82 | OK | |
r-patched-solaris-x86 | 0.11-0 | 116.40 | OK | |||
r-release-linux-x86_64 | 0.11-0 | 5.90 | 58.52 | 64.42 | OK | |
r-release-windows-ix86+x86_64 | 0.11-0 | 11.00 | 91.00 | 102.00 | OK | |
r-release-osx-x86_64 | 0.11-0 | OK | ||||
r-oldrel-windows-ix86+x86_64 | 0.11-0 | 8.00 | 81.00 | 89.00 | OK | |
r-oldrel-osx-x86_64 | 0.11-0 | OK |
Version: 0.11-0
Check: for non-standard things in the check directory
Result: NOTE
Found the following files/directories:
'dummyfun.Rd'
Flavors: r-devel-linux-x86_64-debian-clang, r-devel-linux-x86_64-debian-gcc, r-devel-linux-x86_64-fedora-clang, r-devel-linux-x86_64-fedora-gcc