Last updated on 2019-07-03 01:47:36 CEST.
Flavor | Version | Tinstall | Tcheck | Ttotal | Status | Flags |
---|---|---|---|---|---|---|
r-devel-linux-x86_64-debian-clang | 1.0.1 | 3.87 | 27.99 | 31.86 | OK | |
r-devel-linux-x86_64-debian-gcc | 1.0.1 | 2.79 | 22.50 | 25.29 | OK | |
r-devel-linux-x86_64-fedora-clang | 1.0.1 | 36.87 | NOTE | |||
r-devel-linux-x86_64-fedora-gcc | 1.0.1 | 35.61 | OK | |||
r-devel-windows-ix86+x86_64 | 1.0.1 | 10.00 | 44.00 | 54.00 | NOTE | |
r-patched-linux-x86_64 | 1.0.1 | 4.16 | 27.77 | 31.93 | OK | |
r-patched-solaris-x86 | 1.0.1 | 63.20 | NOTE | |||
r-release-linux-x86_64 | 1.0.1 | 3.98 | 28.00 | 31.98 | OK | |
r-release-windows-ix86+x86_64 | 1.0.1 | 8.00 | 55.00 | 63.00 | NOTE | |
r-release-osx-x86_64 | 1.0.1 | NOTE | ||||
r-oldrel-windows-ix86+x86_64 | 1.0.1 | 8.00 | 41.00 | 49.00 | NOTE | |
r-oldrel-osx-x86_64 | 1.0.1 | NOTE |
Version: 1.0.1
Check: installed package size
Result: NOTE
installed size is 10.2Mb
sub-directories of 1Mb or more:
java 10.1Mb
Flavors: r-devel-linux-x86_64-fedora-clang, r-devel-windows-ix86+x86_64, r-patched-solaris-x86, r-release-windows-ix86+x86_64, r-release-osx-x86_64, r-oldrel-windows-ix86+x86_64, r-oldrel-osx-x86_64