CRAN Package Check Results for Package Rnightlights

Last updated on 2019-07-03 01:47:38 CEST.

Flavor Version Tinstall Tcheck Ttotal Status Flags
r-devel-linux-x86_64-debian-clang 0.2.3 13.55 117.67 131.22 OK
r-devel-linux-x86_64-debian-gcc 0.2.3 11.50 91.12 102.62 OK
r-devel-linux-x86_64-fedora-clang 0.2.3 155.18 OK
r-devel-linux-x86_64-fedora-gcc 0.2.3 152.40 OK
r-devel-windows-ix86+x86_64 0.2.3 32.00 146.00 178.00 OK
r-patched-linux-x86_64 0.2.3 13.41 116.89 130.30 OK
r-patched-solaris-x86 0.2.3 231.90 OK
r-release-linux-x86_64 0.2.3 13.98 116.46 130.44 OK
r-release-windows-ix86+x86_64 0.2.3 30.00 146.00 176.00 OK
r-release-osx-x86_64 0.2.3 FAIL
r-oldrel-windows-ix86+x86_64 0.2.3 19.00 136.00 155.00 OK
r-oldrel-osx-x86_64 0.2.3 OK

Check Details

Version: 0.2.3
Check: dependencies in R code
Result: FAIL
    
Flavor: r-release-osx-x86_64