Last updated on 2019-07-03 01:47:39 CEST.
Flavor | Version | Tinstall | Tcheck | Ttotal | Status | Flags |
---|---|---|---|---|---|---|
r-devel-linux-x86_64-debian-clang | 1.0.0 | 8.43 | 63.31 | 71.74 | OK | |
r-devel-linux-x86_64-debian-gcc | 1.0.0 | 6.57 | 49.86 | 56.43 | OK | |
r-devel-linux-x86_64-fedora-clang | 1.0.0 | 92.28 | OK | |||
r-devel-linux-x86_64-fedora-gcc | 1.0.0 | 84.43 | OK | |||
r-devel-windows-ix86+x86_64 | 1.0.0 | 18.00 | 115.00 | 133.00 | OK | |
r-patched-linux-x86_64 | 1.0.0 | 7.40 | 64.94 | 72.34 | OK | |
r-patched-solaris-x86 | 1.0.0 | 4.10 | ERROR | |||
r-release-linux-x86_64 | 1.0.0 | 7.88 | 63.89 | 71.77 | OK | |
r-release-windows-ix86+x86_64 | 1.0.0 | 18.00 | 84.00 | 102.00 | OK | |
r-release-osx-x86_64 | 1.0.0 | OK | ||||
r-oldrel-windows-ix86+x86_64 | 1.0.0 | 10.00 | 79.00 | 89.00 | OK | |
r-oldrel-osx-x86_64 | 1.0.0 | OK |
Version: 1.0.0
Check: package dependencies
Result: ERROR
Package required but not available: ‘KoNLP’
See section ‘The DESCRIPTION file’ in the ‘Writing R Extensions’
manual.
Flavor: r-patched-solaris-x86