CRAN Package Check Results for Package SAVER

Last updated on 2019-07-03 01:47:39 CEST.

Flavor Version Tinstall Tcheck Ttotal Status Flags
r-devel-linux-x86_64-debian-clang 1.1.1 5.99 36.64 42.63 OK
r-devel-linux-x86_64-debian-gcc 1.1.1 6.41 29.78 36.19 OK
r-devel-linux-x86_64-fedora-clang 1.1.1 54.12 NOTE
r-devel-linux-x86_64-fedora-gcc 1.1.1 52.87 NOTE
r-devel-windows-ix86+x86_64 1.1.1 10.00 70.00 80.00 OK
r-patched-linux-x86_64 1.1.1 7.06 37.05 44.11 OK
r-patched-solaris-x86 1.1.1 90.80 NOTE
r-release-linux-x86_64 1.1.1 7.03 36.76 43.79 OK
r-release-windows-ix86+x86_64 1.1.1 10.00 51.00 61.00 OK
r-release-osx-x86_64 1.1.1 NOTE
r-oldrel-windows-ix86+x86_64 1.1.1 8.00 49.00 57.00 OK
r-oldrel-osx-x86_64 1.1.1 NOTE

Check Details

Version: 1.1.1
Check: dependencies in R code
Result: NOTE
    Namespace in Imports field not imported from: ‘methods’
     All declared Imports should be used.
Flavors: r-devel-linux-x86_64-fedora-clang, r-devel-linux-x86_64-fedora-gcc, r-patched-solaris-x86, r-release-osx-x86_64, r-oldrel-osx-x86_64