Last updated on 2019-07-03 01:47:39 CEST.
Flavor | Version | Tinstall | Tcheck | Ttotal | Status | Flags |
---|---|---|---|---|---|---|
r-devel-linux-x86_64-debian-clang | 1.2 | 3.60 | 92.91 | 96.51 | NOTE | |
r-devel-linux-x86_64-debian-gcc | 1.2 | 3.15 | 66.61 | 69.76 | NOTE | |
r-devel-linux-x86_64-fedora-clang | 1.2 | 116.54 | NOTE | |||
r-devel-linux-x86_64-fedora-gcc | 1.2 | 111.03 | NOTE | |||
r-devel-windows-ix86+x86_64 | 1.2 | 8.00 | 135.00 | 143.00 | OK | |
r-patched-linux-x86_64 | 1.2 | 3.17 | 91.58 | 94.75 | OK | |
r-patched-solaris-x86 | 1.2 | 181.60 | NOTE | |||
r-release-linux-x86_64 | 1.2 | 3.99 | 86.08 | 90.07 | OK | |
r-release-windows-ix86+x86_64 | 1.2 | 8.00 | 109.00 | 117.00 | OK | |
r-release-osx-x86_64 | 1.2 | NOTE | ||||
r-oldrel-windows-ix86+x86_64 | 1.2 | 6.00 | 103.00 | 109.00 | OK | |
r-oldrel-osx-x86_64 | 1.2 | NOTE |
Version: 1.2
Check: package vignettes
Result: NOTE
Package vignette with placeholder title 'Vignette Title':
'my-vignette.Rmd'
Flavors: r-devel-linux-x86_64-debian-clang, r-devel-linux-x86_64-debian-gcc
Version: 1.2
Check: dependencies in R code
Result: NOTE
Namespace in Imports field not imported from: ‘gbm’
All declared Imports should be used.
Flavors: r-devel-linux-x86_64-fedora-clang, r-devel-linux-x86_64-fedora-gcc, r-patched-solaris-x86, r-release-osx-x86_64, r-oldrel-osx-x86_64
Version: 1.2
Check: installed package size
Result: NOTE
installed size is 5.3Mb
sub-directories of 1Mb or more:
data 1.5Mb
vignette_data 2.1Mb
Flavor: r-patched-solaris-x86