Last updated on 2019-07-03 01:47:40 CEST.
Flavor | Version | Tinstall | Tcheck | Ttotal | Status | Flags |
---|---|---|---|---|---|---|
r-devel-linux-x86_64-debian-clang | 21.0-0.0 | 12.29 | 41.61 | 53.90 | OK | |
r-devel-linux-x86_64-debian-gcc | 21.0-0.0 | 12.26 | 33.39 | 45.65 | OK | |
r-devel-linux-x86_64-fedora-clang | 21.0-0.0 | 68.49 | NOTE | |||
r-devel-linux-x86_64-fedora-gcc | 21.0-0.0 | 66.11 | OK | |||
r-devel-windows-ix86+x86_64 | 21.0-0.0 | 20.00 | 56.00 | 76.00 | NOTE | |
r-patched-linux-x86_64 | 21.0-0.0 | 12.57 | 39.90 | 52.47 | OK | |
r-patched-solaris-x86 | 21.0-0.0 | 113.70 | WARN | |||
r-release-linux-x86_64 | 21.0-0.0 | 13.56 | 39.83 | 53.39 | OK | |
r-release-windows-ix86+x86_64 | 21.0-0.0 | 18.00 | 54.00 | 72.00 | NOTE | |
r-release-osx-x86_64 | 21.0-0.0 | WARN | ||||
r-oldrel-windows-ix86+x86_64 | 21.0-0.0 | 17.00 | 52.00 | 69.00 | NOTE | |
r-oldrel-osx-x86_64 | 21.0-0.0 | WARN |
Version: 21.0-0.0
Check: installed package size
Result: NOTE
installed size is 7.9Mb
sub-directories of 1Mb or more:
data 7.8Mb
Flavors: r-devel-linux-x86_64-fedora-clang, r-devel-windows-ix86+x86_64, r-patched-solaris-x86, r-release-windows-ix86+x86_64, r-release-osx-x86_64, r-oldrel-windows-ix86+x86_64, r-oldrel-osx-x86_64
Version: 21.0-0.0
Check: re-building of vignette outputs
Result: WARN
Error(s) in re-building vignettes:
...
--- re-building ‘SGPdata.Rmd’ using rmarkdown
Warning in engine$weave(file, quiet = quiet, encoding = enc) :
Pandoc (>= 1.12.3) and/or pandoc-citeproc not available. Falling back to R Markdown v1.
Quitting from lines 13-28 (SGPdata.Rmd)
Error: processing vignette 'SGPdata.Rmd' failed with diagnostics:
argument is of length zero
--- failed re-building ‘SGPdata.Rmd’
SUMMARY: processing the following file failed:
‘SGPdata.Rmd’
Error: Vignette re-building failed.
Execution halted
Flavors: r-patched-solaris-x86, r-release-osx-x86_64
Version: 21.0-0.0
Check: re-building of vignette outputs
Result: WARN
Error in re-building vignettes:
...
Warning in engine$weave(file, quiet = quiet, encoding = enc) :
Pandoc (>= 1.12.3) and/or pandoc-citeproc not available. Falling back to R Markdown v1.
Quitting from lines 13-28 (SGPdata.Rmd)
Error: processing vignette 'SGPdata.Rmd' failed with diagnostics:
argument is of length zero
Execution halted
Flavor: r-oldrel-osx-x86_64