Last updated on 2019-07-03 01:47:41 CEST.
Flavor | Version | Tinstall | Tcheck | Ttotal | Status | Flags |
---|---|---|---|---|---|---|
r-devel-linux-x86_64-debian-clang | 0.2.6 | 25.09 | 225.62 | 250.71 | OK | |
r-devel-linux-x86_64-debian-gcc | 0.2.6 | 20.04 | 174.96 | 195.00 | OK | |
r-devel-linux-x86_64-fedora-clang | 0.2.6 | 297.01 | NOTE | |||
r-devel-linux-x86_64-fedora-gcc | 0.2.6 | 287.98 | NOTE | |||
r-devel-windows-ix86+x86_64 | 0.2.6 | 45.00 | 344.00 | 389.00 | OK | |
r-patched-linux-x86_64 | 0.2.6 | 25.82 | 220.41 | 246.23 | OK | |
r-patched-solaris-x86 | 0.2.6 | 459.80 | NOTE | |||
r-release-linux-x86_64 | 0.2.6 | 25.25 | 222.65 | 247.90 | OK | |
r-release-windows-ix86+x86_64 | 0.2.6 | 45.00 | 269.00 | 314.00 | OK | |
r-release-osx-x86_64 | 0.2.6 | NOTE | ||||
r-oldrel-windows-ix86+x86_64 | 0.2.6 | 35.00 | 278.00 | 313.00 | OK | |
r-oldrel-osx-x86_64 | 0.2.6 | NOTE |
Version: 0.2.6
Check: dependencies in R code
Result: NOTE
Namespace in Imports field not imported from: ‘shinyFiles’
All declared Imports should be used.
Flavors: r-devel-linux-x86_64-fedora-clang, r-devel-linux-x86_64-fedora-gcc, r-patched-solaris-x86, r-release-osx-x86_64, r-oldrel-osx-x86_64