CRAN Package Check Results for Package STAT

Last updated on 2019-07-03 01:47:42 CEST.

Flavor Version Tinstall Tcheck Ttotal Status Flags
r-devel-linux-x86_64-debian-clang 0.1.0 1.48 16.62 18.10 OK
r-devel-linux-x86_64-debian-gcc 0.1.0 1.12 13.55 14.67 OK
r-devel-linux-x86_64-fedora-clang 0.1.0 24.10 NOTE
r-devel-linux-x86_64-fedora-gcc 0.1.0 21.84 NOTE
r-devel-windows-ix86+x86_64 0.1.0 5.00 33.00 38.00 OK
r-patched-linux-x86_64 0.1.0 1.22 16.40 17.62 OK
r-patched-solaris-x86 0.1.0 36.90 NOTE
r-release-linux-x86_64 0.1.0 1.22 16.54 17.76 OK
r-release-windows-ix86+x86_64 0.1.0 6.00 30.00 36.00 OK
r-release-osx-x86_64 0.1.0 NOTE
r-oldrel-windows-ix86+x86_64 0.1.0 3.00 31.00 34.00 OK
r-oldrel-osx-x86_64 0.1.0 NOTE

Check Details

Version: 0.1.0
Check: dependencies in R code
Result: NOTE
    Namespaces in Imports field not imported from:
     ‘Hmisc’ ‘corrgram’ ‘datasets’ ‘dplyr’ ‘psych’ ‘psycho’ ‘rpivotTable’
     ‘shiny’
     All declared Imports should be used.
Flavors: r-devel-linux-x86_64-fedora-clang, r-devel-linux-x86_64-fedora-gcc, r-patched-solaris-x86, r-release-osx-x86_64, r-oldrel-osx-x86_64