CRAN Package Check Results for Package STraTUS

Last updated on 2019-07-03 01:47:42 CEST.

Flavor Version Tinstall Tcheck Ttotal Status Flags
r-devel-linux-x86_64-debian-clang 1.1.1 10.72 87.10 97.82 OK
r-devel-linux-x86_64-debian-gcc 1.1.1 8.97 67.39 76.36 OK
r-devel-linux-x86_64-fedora-clang 1.1.1 117.45 OK
r-devel-linux-x86_64-fedora-gcc 1.1.1 99.48 OK
r-devel-windows-ix86+x86_64 1.1.1 20.00 102.00 122.00 OK
r-patched-linux-x86_64 1.1.1 10.60 83.12 93.72 OK
r-patched-solaris-x86 1.1.1 149.10 OK
r-release-linux-x86_64 1.1.1 11.23 84.22 95.45 OK
r-release-windows-ix86+x86_64 1.1.1 20.00 94.00 114.00 OK
r-release-osx-x86_64 1.1.1 ERROR
r-oldrel-windows-ix86+x86_64 1.1.1 12.00 93.00 105.00 OK
r-oldrel-osx-x86_64 1.1.1 ERROR

Check Details

Version: 1.1.1
Check: package dependencies
Result: ERROR
    Package required but not available: ‘ggtree’
    
    See section ‘The DESCRIPTION file’ in the ‘Writing R Extensions’
    manual.
Flavor: r-release-osx-x86_64

Version: 1.1.1
Check: package dependencies
Result: ERROR
    Package required and available but unsuitable version: ‘ggtree’
    
    See section ‘The DESCRIPTION file’ in the ‘Writing R Extensions’
    manual.
Flavor: r-oldrel-osx-x86_64