Last updated on 2019-07-03 01:47:39 CEST.
Flavor | Version | Tinstall | Tcheck | Ttotal | Status | Flags |
---|---|---|---|---|---|---|
r-devel-linux-x86_64-debian-clang | 1.4.0 | 13.14 | 109.37 | 122.51 | OK | |
r-devel-linux-x86_64-debian-gcc | 1.4.0 | 12.39 | 87.88 | 100.27 | OK | |
r-devel-linux-x86_64-fedora-clang | 1.4.0 | 154.90 | NOTE | |||
r-devel-linux-x86_64-fedora-gcc | 1.4.0 | 147.82 | NOTE | |||
r-devel-windows-ix86+x86_64 | 1.4.0 | 26.00 | 167.00 | 193.00 | OK | |
r-patched-linux-x86_64 | 1.4.0 | 13.53 | 108.08 | 121.61 | OK | |
r-patched-solaris-x86 | 1.4.0 | 259.10 | NOTE | |||
r-release-linux-x86_64 | 1.4.0 | 13.92 | 108.43 | 122.35 | OK | |
r-release-windows-ix86+x86_64 | 1.4.0 | 23.00 | 128.00 | 151.00 | OK | |
r-release-osx-x86_64 | 1.4.0 | ERROR | ||||
r-oldrel-windows-ix86+x86_64 | 1.4.0 | 18.00 | 114.00 | 132.00 | OK | |
r-oldrel-osx-x86_64 | 1.4.0 | NOTE |
Version: 1.4.0
Check: dependencies in R code
Result: NOTE
Namespace in Imports field not imported from: ‘parallel’
All declared Imports should be used.
Flavors: r-devel-linux-x86_64-fedora-clang, r-devel-linux-x86_64-fedora-gcc, r-patched-solaris-x86, r-oldrel-osx-x86_64
Version: 1.4.0
Check: package dependencies
Result: ERROR
Package required but not available: ‘Cascade’
Package suggested but not available for checking: ‘mixOmics’
See section ‘The DESCRIPTION file’ in the ‘Writing R Extensions’
manual.
Flavor: r-release-osx-x86_64