CRAN Package Check Results for Package SpaDES.tools

Last updated on 2019-07-03 01:47:41 CEST.

Flavor Version Tinstall Tcheck Ttotal Status Flags
r-devel-linux-x86_64-debian-clang 0.3.2 44.65 358.73 403.38 OK
r-devel-linux-x86_64-debian-gcc 0.3.2 36.57 505.97 542.54 OK
r-devel-linux-x86_64-fedora-clang 0.3.2 372.16 OK
r-devel-linux-x86_64-fedora-gcc 0.3.2 422.42 OK
r-devel-windows-ix86+x86_64 0.3.2 91.00 379.00 470.00 OK
r-patched-linux-x86_64 0.3.2 44.48 397.49 441.97 OK
r-patched-solaris-x86 0.3.2 3.60 ERROR
r-release-linux-x86_64 0.3.2 44.61 422.72 467.33 OK
r-release-windows-ix86+x86_64 0.3.2 92.00 356.00 448.00 OK
r-release-osx-x86_64 0.3.2 OK
r-oldrel-windows-ix86+x86_64 0.3.2 78.00 374.00 452.00 OK
r-oldrel-osx-x86_64 0.3.2 OK

Additional issues

rcnst

Check Details

Version: 0.3.2
Check: package dependencies
Result: ERROR
    Package required but not available: ‘reproducible’
    
    See section ‘The DESCRIPTION file’ in the ‘Writing R Extensions’
    manual.
Flavor: r-patched-solaris-x86