CRAN Package Check Results for Package SparseFactorAnalysis

Last updated on 2019-07-03 01:47:41 CEST.

Flavor Version Tinstall Tcheck Ttotal Status Flags
r-devel-linux-x86_64-debian-clang 1.0 52.79 50.31 103.10 OK
r-devel-linux-x86_64-debian-gcc 1.0 44.45 39.04 83.49 OK
r-devel-linux-x86_64-fedora-clang 1.0 145.43 NOTE
r-devel-linux-x86_64-fedora-gcc 1.0 134.87 NOTE
r-devel-windows-ix86+x86_64 1.0 103.00 90.00 193.00 OK
r-patched-linux-x86_64 1.0 50.92 48.46 99.38 OK
r-patched-solaris-x86 1.0 153.00 OK
r-release-linux-x86_64 1.0 52.78 49.03 101.81 OK
r-release-windows-ix86+x86_64 1.0 104.00 86.00 190.00 OK
r-release-osx-x86_64 1.0 OK
r-oldrel-windows-ix86+x86_64 1.0 100.00 84.00 184.00 OK
r-oldrel-osx-x86_64 1.0 OK

Check Details

Version: 1.0
Check: compiled code
Result: NOTE
    File ‘SparseFactorAnalysis/libs/SparseFactorAnalysis.so’:
     Found no calls to: ‘R_registerRoutines’, ‘R_useDynamicSymbols’
    
    It is good practice to register native routines and to disable symbol
    search.
    
    See ‘Writing portable packages’ in the ‘Writing R Extensions’ manual.
Flavors: r-devel-linux-x86_64-fedora-clang, r-devel-linux-x86_64-fedora-gcc