Last updated on 2019-07-03 01:47:41 CEST.
Flavor | Version | Tinstall | Tcheck | Ttotal | Status | Flags |
---|---|---|---|---|---|---|
r-devel-linux-x86_64-debian-clang | 0.6 | 11.14 | 212.25 | 223.39 | OK | |
r-devel-linux-x86_64-debian-gcc | 0.6 | 10.01 | 159.21 | 169.22 | OK | |
r-devel-linux-x86_64-fedora-clang | 0.6 | 350.23 | WARN | |||
r-devel-linux-x86_64-fedora-gcc | 0.6 | 362.11 | WARN | |||
r-devel-windows-ix86+x86_64 | 0.6 | 26.00 | 240.00 | 266.00 | OK | |
r-patched-linux-x86_64 | 0.6 | 12.35 | 205.10 | 217.45 | OK | |
r-patched-solaris-x86 | 0.6 | 451.60 | OK | |||
r-release-linux-x86_64 | 0.6 | 12.08 | 208.03 | 220.11 | OK | |
r-release-windows-ix86+x86_64 | 0.6 | 27.00 | 234.00 | 261.00 | OK | |
r-release-osx-x86_64 | 0.6 | OK | ||||
r-oldrel-windows-ix86+x86_64 | 0.6 | 17.00 | 234.00 | 251.00 | OK | |
r-oldrel-osx-x86_64 | 0.6 | OK |
Version: 0.6
Check: re-building of vignette outputs
Result: WARN
Error(s) in re-building vignettes:
--- re-building ‘Spectrum_vignette.Rmd’ using rmarkdown
tlmgr search --file --global '/framed.sty'
Trying to automatically install missing LaTeX packages...
tlmgr install framed
tlmgr: package repository http://anorien.csc.warwick.ac.uk/mirrors/CTAN/systems/texlive/tlnet (verified)
tlmgr install: package already present: framed
tlmgr path add
add_link_dir_dir: /usr/local/share/info/dir exists; not making symlink.
tlmgr search --file --global '/framed.sty'
! LaTeX Error: File `framed.sty' not found.
! Emergency stop.
<read *>
Error: processing vignette 'Spectrum_vignette.Rmd' failed with diagnostics:
Failed to compile Spectrum_vignette.tex. See https://yihui.name/tinytex/r/#debugging for debugging tips. See Spectrum_vignette.log for more info.
--- failed re-building ‘Spectrum_vignette.Rmd’
SUMMARY: processing the following file failed:
‘Spectrum_vignette.Rmd’
Error: Vignette re-building failed.
Execution halted
Flavors: r-devel-linux-x86_64-fedora-clang, r-devel-linux-x86_64-fedora-gcc