Last updated on 2019-07-03 01:47:42 CEST.
Flavor | Version | Tinstall | Tcheck | Ttotal | Status | Flags |
---|---|---|---|---|---|---|
r-devel-linux-x86_64-debian-clang | 0.2.0 | 9.73 | 66.11 | 75.84 | OK | |
r-devel-linux-x86_64-debian-gcc | 0.2.0 | 8.05 | 52.92 | 60.97 | OK | |
r-devel-linux-x86_64-fedora-clang | 0.2.0 | 92.01 | NOTE | |||
r-devel-linux-x86_64-fedora-gcc | 0.2.0 | 86.85 | NOTE | |||
r-devel-windows-ix86+x86_64 | 0.2.0 | 18.00 | 104.00 | 122.00 | OK | |
r-patched-linux-x86_64 | 0.2.0 | 9.49 | 66.92 | 76.41 | OK | |
r-patched-solaris-x86 | 0.2.0 | 145.60 | NOTE | |||
r-release-linux-x86_64 | 0.2.0 | 9.35 | 67.64 | 76.99 | OK | |
r-release-windows-ix86+x86_64 | 0.2.0 | 17.00 | 78.00 | 95.00 | OK | |
r-release-osx-x86_64 | 0.2.0 | NOTE | ||||
r-oldrel-windows-ix86+x86_64 | 0.2.0 | 11.00 | 76.00 | 87.00 | OK | |
r-oldrel-osx-x86_64 | 0.2.0 | NOTE |
Version: 0.2.0
Check: dependencies in R code
Result: NOTE
Namespaces in Imports field not imported from:
‘R.matlab’ ‘fBasics’ ‘spls’
All declared Imports should be used.
Flavors: r-devel-linux-x86_64-fedora-clang, r-devel-linux-x86_64-fedora-gcc, r-patched-solaris-x86, r-release-osx-x86_64, r-oldrel-osx-x86_64