Last updated on 2019-07-03 01:47:42 CEST.
Flavor | Version | Tinstall | Tcheck | Ttotal | Status | Flags |
---|---|---|---|---|---|---|
r-devel-linux-x86_64-debian-clang | 1.2 | 35.24 | 210.71 | 245.95 | OK | |
r-devel-linux-x86_64-debian-gcc | 1.2 | 31.72 | 159.50 | 191.22 | OK | |
r-devel-linux-x86_64-fedora-clang | 1.2 | 288.13 | NOTE | |||
r-devel-linux-x86_64-fedora-gcc | 1.2 | 282.73 | NOTE | |||
r-devel-windows-ix86+x86_64 | 1.2 | 55.00 | 251.00 | 306.00 | OK | |
r-patched-linux-x86_64 | 1.2 | 33.17 | 211.79 | 244.96 | OK | |
r-patched-solaris-x86 | 1.2 | 393.80 | NOTE | |||
r-release-linux-x86_64 | 1.2 | 34.26 | 211.02 | 245.28 | OK | |
r-release-windows-ix86+x86_64 | 1.2 | 53.00 | 226.00 | 279.00 | OK | |
r-release-osx-x86_64 | 1.2 | WARN | ||||
r-oldrel-windows-ix86+x86_64 | 1.2 | 46.00 | 216.00 | 262.00 | OK | |
r-oldrel-osx-x86_64 | 1.2 | NOTE |
Version: 1.2
Check: dependencies in R code
Result: NOTE
Namespace in Imports field not imported from: ‘rootSolve’
All declared Imports should be used.
Flavors: r-devel-linux-x86_64-fedora-clang, r-devel-linux-x86_64-fedora-gcc, r-patched-solaris-x86, r-release-osx-x86_64, r-oldrel-osx-x86_64
Version: 1.2
Check: whether package can be installed
Result: WARN
Found the following significant warnings:
Warning: 'rgl_init' failed, running with rgl.useNULL = TRUE
Flavor: r-release-osx-x86_64