CRAN Package Check Results for Package TAM

Last updated on 2019-07-03 01:47:43 CEST.

Flavor Version Tinstall Tcheck Ttotal Status Flags
r-devel-linux-x86_64-debian-clang 3.1-45 171.49 161.86 333.35 OK
r-devel-linux-x86_64-debian-gcc 3.1-45 129.92 125.42 255.34 OK
r-devel-linux-x86_64-fedora-clang 3.1-45 461.87 NOTE
r-devel-linux-x86_64-fedora-gcc 3.1-45 419.02 OK
r-devel-windows-ix86+x86_64 3.1-45 309.00 275.00 584.00 OK
r-patched-linux-x86_64 3.1-45 158.24 162.99 321.23 OK
r-patched-solaris-x86 3.1-45 422.00 OK
r-release-linux-x86_64 3.1-45 157.83 162.81 320.64 OK
r-release-windows-ix86+x86_64 3.1-45 309.00 212.00 521.00 OK
r-release-osx-x86_64 3.1-45 ERROR
r-oldrel-windows-ix86+x86_64 3.1-45 303.00 187.00 490.00 OK
r-oldrel-osx-x86_64 3.1-45 NOTE

Check Details

Version: 3.1-45
Check: installed package size
Result: NOTE
     installed size is 6.4Mb
     sub-directories of 1Mb or more:
     R 1.3Mb
     libs 4.3Mb
Flavors: r-devel-linux-x86_64-fedora-clang, r-release-osx-x86_64, r-oldrel-osx-x86_64

Version: 3.1-45
Check: Rd cross-references
Result: NOTE
    Package unavailable to check Rd xrefs: ‘mirt’
Flavor: r-release-osx-x86_64

Version: 3.1-45
Check: examples
Result: ERROR
    Running examples in ‘TAM-Ex.R’ failed
    The error most likely occurred in:
    
    > ### Name: IRT.residuals
    > ### Title: Residuals in an IRT Model
    > ### Aliases: IRT.residuals IRT.residuals.tam.jml IRT.residuals.tam.mml
    > ### IRT.residuals.tam.mml.2pl IRT.residuals.tam.mml.mfr residuals.tam.jml
    > ### residuals.tam.mml residuals.tam.mml.2pl residuals.tam.mml.mfr
    >
    > ### ** Examples
    >
    > #############################################################################
    > # EXAMPLE 1: Residuals data.read
    > #############################################################################
    >
    > library(sirt)
    Error: package or namespace load failed for ‘sirt’ in loadNamespace(j <- i[[1L]], c(lib.loc, .libPaths()), versionCheck = vI[[j]]):
     there is no package called ‘mirt’
    Execution halted
Flavor: r-release-osx-x86_64