Last updated on 2019-07-03 01:47:43 CEST.
Flavor | Version | Tinstall | Tcheck | Ttotal | Status | Flags |
---|---|---|---|---|---|---|
r-devel-linux-x86_64-debian-clang | 1.0.0 | 8.51 | 77.85 | 86.36 | OK | |
r-devel-linux-x86_64-debian-gcc | 1.0.0 | 7.07 | 60.87 | 67.94 | OK | |
r-devel-linux-x86_64-fedora-clang | 1.0.0 | 100.44 | NOTE | |||
r-devel-linux-x86_64-fedora-gcc | 1.0.0 | 98.31 | NOTE | |||
r-devel-windows-ix86+x86_64 | 1.0.0 | 15.00 | 123.00 | 138.00 | OK | |
r-patched-linux-x86_64 | 1.0.0 | 8.43 | 75.17 | 83.60 | OK | |
r-patched-solaris-x86 | 1.0.0 | 153.10 | NOTE | |||
r-release-linux-x86_64 | 1.0.0 | 8.26 | 76.77 | 85.03 | OK | |
r-release-windows-ix86+x86_64 | 1.0.0 | 16.00 | 92.00 | 108.00 | OK | |
r-release-osx-x86_64 | 1.0.0 | NOTE | ||||
r-oldrel-windows-ix86+x86_64 | 1.0.0 | 9.00 | 91.00 | 100.00 | OK | |
r-oldrel-osx-x86_64 | 1.0.0 | NOTE |
Version: 1.0.0
Check: dependencies in R code
Result: NOTE
Namespaces in Imports field not imported from:
‘Matrix’ ‘quadprog’
All declared Imports should be used.
Flavors: r-devel-linux-x86_64-fedora-clang, r-devel-linux-x86_64-fedora-gcc, r-patched-solaris-x86, r-release-osx-x86_64, r-oldrel-osx-x86_64